 Let x = -51 - z. List the prime factors of x.
2, 5, 7
Let z be 81/(-10) + 18/180. What are the prime factors of (z/3)/((-7)/((-1239)/(-2)))?
2, 59
Let q(i) = 43*i**3 - 9*i**2 + 8*i - 13. List the prime factors of q(2).
311
Let s(t) = 13*t - 4. Let d(q) = -q**2 + 6*q. Let o be d(5). Let k be s(o). Suppose 3*l + 95 = 4*r, 4*r - 32 = l + k. What are the prime factors of r?
23
Suppose 0 = -k + 140 - 116. What are the prime factors of k?
2, 3
Suppose 0 = 5*l + h - 780, -4*l + 2*h = 7*h - 645. Suppose 4*z - 230 = -3*d, -2*d = -0*z + z - l. List the prime factors of d.
2, 3, 13
Let h(z) = z**3 + 6*z**2 + 4. Let p be h(-6). Suppose -p*c + 6*c - 338 = 0. What are the prime factors of c?
13
Let o = -384 + 739. What are the prime factors of o?
5, 71
What are the prime factors of 162/4*280/42?
2, 3, 5
Suppose 0 = -4*i + 4*t - 2*t + 60, -4*t = 2*i - 10. Let k = 23 - i. List the prime factors of k.
2, 5
Suppose -4*y + x = 284, 3*y = -0*x + 3*x - 222. Let t = 34 + y. Let u = -10 - t. What are the prime factors of u?
2, 13
Let m(f) = -f + 8. Let w be m(6). Suppose -3*u - w*u - 65 = 0. List the prime factors of (-2)/13 - 54/u.
2
Let d(z) = z**2 + 16*z + 34. Suppose 0*v = -4*v + t - 91, 4*t = 5*v + 100. What are the prime factors of d(v)?
2, 113
Let z be (-1697)/(-15) + 6/(-45). Let g = z + -48. Suppose 4*x - g = -5. List the prime factors of x.
3, 5
Let l(h) = 6 - h + 20*h**3 - 21*h**3 + 0*h - h**2. Let p be l(0). Suppose 2*j - 52 = p. List the prime factors of j.
29
Suppose -9*x = -38 - 25. Suppose -x*b = -8*b + 279. List the prime factors of b.
3, 31
Let c(r) = r**3 + 10*r**2 - 6*r + 16. Let q be c(-11). Let h = -18 - q. List the prime factors of h/14 - 27/(-2).
3, 5
Suppose 0 = 2*p + 5 - 15. Suppose 0 = p*o - 36 - 34. Suppose 2*l + o = 2*f, 4*f + 4*l - 4 = -0. List the prime factors of f.
2
Suppose 5*o + 1718 = 6193. Suppose 5*a + 3*f - o = -0*a, 0 = 3*a + f - 533. What are the prime factors of a?
2, 11
Suppose 6*g - 2 = g + 4*w, -2*g - 5*w = -14. Suppose n - g*m = 8, -m = -0*n - 5*n + 85. List the prime factors of n.
2, 3
Let s(n) = -n**3 - 4*n**2 + 2*n - 9. Let x be s(-6). Let c = -33 + x. What are the prime factors of c?
2, 3
Let h(o) = -o**2 - 13*o - 14. Let m be h(-11). Suppose 5*p - 22 - m = 0. List the prime factors of (24/2)/(p/4).
2
Let b(i) = 4*i - 3*i + i**3 + 3*i**2 + 0*i + 1. Let l be b(-2). Suppose -l*t - 8 = -89. List the prime factors of t.
3
Let i(n) = 4*n**3 - 7*n**2 + 6*n. Let g(k) = -k + 11. Let a be g(7). What are the prime factors of i(a)?
2, 3, 7
Let x be 0 + 3 - 1/(-1). Suppose -x*l + 2*l = -12. Suppose u - 21 = -l. List the prime factors of u.
3, 5
Let g(k) = 7*k**3 + k**2 - 2. Let r be g(1). Suppose r*c - c = 580. List the prime factors of c.
2, 29
Let g be (-21)/14*(-4)/(-3). Let h be (-5 - g - -4) + -1. Suppose h = -5*x + 6*x - 18. List the prime factors of x.
2, 3
Let i(n) = 120*n**2 - 8*n + 11. What are the prime factors of i(2)?
5, 19
Let n be (4*(-22)/12)/((-9)/54). Let t be (-5)/20 - 33/(-4). What are the prime factors of t/n - (-97)/11?
3
Let w(s) = -13 + 27 - 15 - 2*s + 8*s. List the prime factors of w(4).
23
What are the prime factors of (-3)/2*9*(-60)/9?
2, 3, 5
Let p = -10 + 14. Suppose -2*w + 81 = -5*z - w, -p*z + 2*w = 60. List the prime factors of (z + -1)*(-4)/8.
3
Let d be ((-24)/(-9) + -3)*-9. Suppose 3*c - 155 = -4*x - 45, -4*x - 70 = -d*c. List the prime factors of c.
2, 3, 5
Suppose -3*y = -2*v + 21, -v + 4*v - 4*y - 33 = 0. Let m = 18 - v. Let g(p) = p**3 + p**2 - 6*p + 5. List the prime factors of g(m).
23
Let g(x) = -x**3 + 4*x**2 + 6*x - 5. Let d be g(5). Let f = d - -1. Let v = 2 + f. What are the prime factors of v?
3
Let q = 175 - 174. Let o(r) = -3 - 2 + 10*r + 6. List the prime factors of o(q).
11
Let o be 32/(-20)*15/2. Let k be ((-56)/o)/(2/93). Suppose 5*v = k + 63. What are the prime factors of v?
2, 7
Suppose -j - 32*j = -17721. List the prime factors of j.
3, 179
Let j(n) = n**3 - 8*n**2 + 18*n - 2. What are the prime factors of j(9)?
241
Let n = 627 - 18. List the prime factors of n.
3, 7, 29
Let u(z) = 5*z**2 + 3*z - 3. Suppose -2*t + 8 = 2*t. Let a be u(t). What are the prime factors of (a - (3 + -3)) + -3?
2, 5
Let w = -67 + 537. What are the prime factors of w?
2, 5, 47
List the prime factors of 2/5 + 457*(-32)/(-40).
2, 3, 61
Suppose -7*j + 3300 = 1116. What are the prime factors of j?
2, 3, 13
Let d(t) be the first derivative of -t**3/3 - t**2 + 4*t + 3. Let z be d(0). Suppose -2*w + 172 = z*p, 2*p + 3*p - w = 222. What are the prime factors of p?
2, 11
Suppose 13*x = -8*x + 13440. What are the prime factors of x?
2, 5
Let l(x) = 196*x**2 + 66*x - 236. What are the prime factors of l(4)?
2, 7, 113
Let u = -11 + 13. Suppose 0 = -2*s + 3*s + u, 3*s + 88 = v. Suppose 6*a - v = 4*a. What are the prime factors of a?
41
Let a = -29 - -40. Let h = -8 + a. Suppose -11 - h = -m. What are the prime factors of m?
2, 7
Let f(l) = -l**3 + 12*l**2 + l - 16. Let w be f(12). List the prime factors of -1 + (-2)/(w + (-770)/(-193)).
2, 3
Let x = -67 + 124. Let m = x - 14. List the prime factors of m.
43
Suppose -1039 = -7*h + 6*h - 2*s, -3*h - s = -3117. List the prime factors of h.
1039
Let i be (-27)/6*16/(-24). Let l(m) = 2*m - 9. Let s be l(7). Suppose -s*b + 3*z = -257 + 101, 2*z = -i*b + 86. List the prime factors of b.
2, 3, 5
Let t(g) = -g**3 + 6*g**2 + 10*g - 16. Let x be t(7). Suppose -102 = -2*l + 5*p, 3*l + 2*l - 225 = x*p. What are the prime factors of l?
41
Suppose 170 = -w + 2*w - 2*i, 5*w + i = 872. Suppose 11*r - w = 8*r. List the prime factors of r.
2, 29
Suppose 0 = -3*p - 2*j + 6091, -4*j + 2738 - 701 = p. List the prime factors of p.
2029
Let q(n) = 76*n**3 - 6*n + 6. Let k be q(1). Suppose -u - 2 = -k. List the prime factors of u.
2, 37
Let x(k) be the second derivative of k**5/20 - 5*k**4/24 - 2*k**3/3 + k. Let n(f) be the second derivative of x(f). List the prime factors of n(11).
61
Suppose -1895 = -4*k - 3*b, 2*b + 232 = k - 250. List the prime factors of k.
2, 7, 17
Let w be (-28)/(-42) + 4/(-6). Let v(t) = -8*t - 2*t + w - 2. List the prime factors of v(-5).
2, 3
Let l(d) = -d + 10. Let q be l(16). Let b = 21 + q. List the prime factors of b.
3, 5
Let g be -25*6*(-4)/40. Suppose -v = 4*v + g. What are the prime factors of (0 + v - -9) + -3?
3
Let z = -9 - 2. Suppose 2*d - i + 44 = 4*d, -3*d - i = -64. Let v = z + d. List the prime factors of v.
3
Suppose -2*t = -j, 2*j + 2*t = 5*t + 1. Let g(d) = 0*d**2 + 1 + d**j + 8*d + d + 12. List the prime factors of g(-11).
5, 7
Let x(o) = -o**2 - 4*o - 1. Let c be x(-4). Let n(f) = -4844 - 14*f + 4844. List the prime factors of n(c).
2, 7
Let q be (-15)/(-25) - 7/(-5). Suppose 6*u - 348 = q*u. List the prime factors of u.
3, 29
Let z = 51 - 26. Suppose -5*o - 77 = -f, -o - z = -6*o. What are the prime factors of f?
2, 3, 17
Let a(t) be the second derivative of 5/6*t**3 + 3*t + 0 + 1/12*t**4 + t**2. List the prime factors of a(-6).
2
Let p(t) = 7*t**2 + 52*t + 87. List the prime factors of p(-19).
2, 3, 271
What are the prime factors of (-6 - -13)/((-2)/(-414))?
3, 7, 23
Let i = 286 + 355. What are the prime factors of i?
641
Let o(k) = k**2 - k + 3. Let n = -34 + 28. Let w be 42/(-12) + (-3)/n. List the prime factors of o(w).
3, 5
What are the prime factors of (1 + 1)*(-11814)/(-44)?
3, 179
Let d(x) = -x**3 + 6*x**2 - 3*x - 2. Let p be d(6). Let o = -32 - p. What are the prime factors of ((-10)/(-8))/((-3)/o)?
5
Suppose 2*d + h = d + 3752, -d = 3*h - 3748. List the prime factors of d.
2, 1877
Let o = 54 + -50. What are the prime factors of -12*(0 + 93/o)/(-3)?
3, 31
Suppose 0 = -25*l - 9*l + 44778. List the prime factors of l.
3, 439
Let l(s) = -s + 6. Let b be l(3). Suppose 4*t + 58 = 3*f - 13, b*f = -3*t + 99. List the prime factors of f.
29
Let n = -107 - -991. List the prime factors of n.
2, 13, 17
Suppose i = 15 - 14, 5*w - 2*i - 833 = 0. What are the prime factors of w?
167
Let o = -9 - -561. List the prime factors of o.
2, 3, 23
Suppose -5*f - 5*v - 359 = -1174, 0 = 5*f - 2*v - 822. Let g be 10/3 - (-2)/3. Suppose 44 = b - 2*t, 6*t + f = g*b + t. What are the prime factors of b?
2, 3
Let o(s) be the third derivative of s**6/120 - s**4/24 + s**3/3 + 3*s**2. Let x be o(0). Let r = x - -8. List the prime factors of r.
2, 5
Suppos